= p**2 + 23*p + 68. Give o(-22).
46
Let k(v) = -84*v - 28. Calculate k(0).
-28
Let f(x) = -x**3 - 57*x**2 + 119*x + 3. What is f(-59)?
-56
Let d(l) = 6*l**3 - 11*l**2 - 40*l + 17. What is d(4)?
65
Let n(h) = -2*h**2 - 66*h - 594. What is n(-12)?
-90
Let p(x) = -10*x**3 + 5*x**2 + 244*x - 992. Determine p(4).
-576
Let z(f) = 9*f**3 + 224*f**2 - 38*f - 315. Calculate z(-25).
10
Let r(f) = -5*f**3 + 5*f**2 - f - 2. What is r(-1)?
9
Let m(q) = 3*q**2 + 282*q + 1700. What is m(-6)?
116
Let s(h) = h**3 - 4*h**2 + h - 12. Give s(4).
-8
Let p(m) = -24*m + 199. Calculate p(9).
-17
Let y(v) = 1574*v - 4805. Calculate y(3).
-83
Let d(y) = y**3 + 120*y**2 - 500*y - 505. Determine d(-124).
-9
Let w(q) = -13*q - 284. Give w(-22).
2
Let q(f) = 9*f**2 + 37*f - 39. What is q(-5)?
1
Let c(w) = 4*w**3 - 166*w**2 - 256*w - 125. Calculate c(43).
-39
Let o(s) = -84*s**3 + s**2 + s - 2. Calculate o(-1).
82
Let s(x) = 2*x**3 - 42*x**2 + 11*x + 241. What is s(21)?
472
Let q(n) = 26*n + 13. Determine q(0).
13
Let p(t) = 64*t + 484. Give p(-7).
36
Let z(b) = -b**3 + 7*b**2 + 93*b - 2. What is z(-7)?
33
Let l(h) = -50*h - 1433. Determine l(-29).
17
Let r(h) = -21*h - 173. Give r(-10).
37
Let w(q) = -248*q**3 + 12*q**2 + 13*q + 1. Determine w(-1).
248
Let m(s) = -3*s**2 + 15*s + 17. What is m(5)?
17
Let t(y) = -4*y**3 + 2*y**2 + y + 44. Calculate t(-4).
328
Let a(u) = -7*u**2 + 210*u + 109. Determine a(31).
-108
Let m(w) = w**3 - 15*w**2 - 10*w + 5. Give m(16).
101
Let w(p) = p**3 + 13*p**2 - 89*p - 884. Calculate w(-15).
1
Let z(j) = -127*j - 4946. Calculate z(-39).
7
Let b(s) = 9*s + 37. Calculate b(8).
109
Let l(j) = 2244*j - 20197. Calculate l(9).
-1
Let f(p) = 23*p**2 - 180*p - 36. Give f(8).
-4
Let v(o) = -1066*o - 8585. Give v(-8).
-57
Let x(a) = 24*a + 226. Determine x(-9).
10
Let w(b) = 2*b**3 + 8*b - 9. Give w(2).
23
Let n(c) = 14*c + 14. Give n(-13).
-168
Let k(m) = 422*m - 2096. What is k(5)?
14
Let x(a) = -a**3 - 4*a**2 - 311*a - 1584. Determine x(-5).
-4
Let w(p) = p**2 + 16*p - 66. Give w(-19).
-9
Let p(r) = 21*r**2 + 329*r - 5. What is p(-14)?
-495
Let t(q) = -2*q**2 - 186*q - 3021. Determine t(-21).
3
Let d(o) = 6*o**2 + 124*o + 74. Determine d(-20).
-6
Let j(k) = -k**3 + 12*k**2 + 41*k + 48. What is j(15)?
-12
Let x(s) = s**2 - 20*s - 14554. Determine x(131).
-13
Let i(o) = o**3 - 5*o**2 - 91*o + 7. Calculate i(-10).
-583
Let g(l) = 1034*l - 10. Give g(0).
-10
Let v(z) = 41*z + 2181. Give v(-50).
131
Let h(j) = 179*j - 359. Calculate h(2).
-1
Let d(y) = 20*y**2 + 56*y + 2. Give d(-3).
14
Let s(y) = y**2 + 62*y - 446. Determine s(9).
193
Let r(y) = -y**3 - 199*y**2 + 124*y - 55879. Give r(-201).
-1
Let s(a) = 3*a**3 - 4*a**2 + 2*a + 15. Determine s(3).
66
Let h(b) = -b**2 - 13*b - 71. Calculate h(-6).
-29
Let k(m) = -2*m**2 - 19*m + 76. What is k(-10)?
66
Let c(d) = -d**3 + 2*d**2 + 31*d + 3. Calculate c(-5).
23
Let h(s) = 8361*s + 33440. Give h(-4).
-4
Let c(r) = r**3 + 34*r**2 + 212*r + 32. Give c(-26).
-72
Let a(b) = -b**3 + 23*b**2 - 34*b - 261. Determine a(21).
-93
Let b(g) = 223*g + 4668. Calculate b(-21).
-15
Let a(z) = 4*z**2 - 22*z - 19. Give a(6).
-7
Let y(a) = 572*a + 22316. What is y(-39)?
8
Let r(m) = -9*m**3 - 46*m**2 - m + 7. Calculate r(-5).
-13
Let q(n) = n**3 + n**2 + 93*n + 274. Give q(-3).
-23
Let r(j) = j**2 - 25*j - 17. Calculate r(6).
-131
Let i(n) = 246*n - 18678. What is i(76)?
18
Let f(p) = -4806*p - 48054. What is f(-10)?
6
Let s(y) = -5*y - 54. Calculate s(-15).
21
Let q(b) = 59*b + 288. Calculate q(-11).
-361
Let s(y) = -7*y**2 - 235*y + 18. Calculate s(-33).
150
Let p(w) = -23*w**2 - 74*w + 3046. Give p(10).
6
Let s(b) = 6*b**2 - 1127*b - 203. Calculate s(188).
-15
Let g(i) = -i**3 + 5*i**2 + 12*i + 3. Calculate g(7).
-11
Let u(g) = g**2 + 53*g - 366. Give u(6).
-12
Let a(v) = 3*v**3 - 813*v**2 + v - 262. What is a(271)?
9
Let u(r) = 21*r**2 - 167*r + 4. Calculate u(0).
4
Let s(w) = -117*w - 582. Determine s(-5).
3
Let t(h) = h**2 - 5717*h + 34257. Determine t(6).
-9
Let a(b) = 18*b**2 - 497*b - 497. Give a(-1).
18
Let l(n) = -47*n + 478. What is l(10)?
8
Let c(x) = -2*x**3 - 26*x**2 + 168*x + 2246. Calculate c(-13).
62
Let z(f) = -15*f**2 + 89*f - 86. Give z(5).
-16
Let l(g) = -74*g + 1304. Calculate l(21).
-250
Let o(b) = -181*b - 1338. What is o(-7)?
-71
Let n(z) = 7*z**2 - 349*z - 1046. Determine n(-3).
64
Let y(h) = -2*h**2 + 42*h + 1402. What is y(-18)?
-2
Let s(t) = t**3 - 3*t**2 - 6*t + 12. Determine s(3).
-6
Let k(f) = 57*f + 1715. Determine k(-34).
-223
Let v(z) = 14*z**2 + 67*z + 77. Give v(-2).
-1
Let a(n) = n**2 - 45*n + 511. What is a(22)?
5
Let t(b) = 650*b - 8437. Determine t(13).
13
Let a(y) = -y**3 + 14*y**2 - 50*y + 60. Determine a(11).
-127
Let w(k) = -10*k**2 + 618*k - 3841. What is w(7)?
-5
Let q(w) = -26*w**2 - 23*w - 8. What is q(-1)?
-11
Let o(x) = 427*x + 1286. What is o(-3)?
5
Let g(l) = -80*l + 645. Give g(8).
5
Let u(d) = -5*d**3 - 54*d**2 - 145*d - 41. What is u(-4)?
-5
Let q(d) = -372*d**2 + 367*d + 367. Determine q(-1).
-372
Let a(g) = 338*g - 6094. Determine a(18).
-10
Let g(i) = -20*i**3 - 1963*i**2 - 295*i - 98. What is g(-98)?
0
Let v(d) = 3*d**3 + 5*d**2 + d + 5. What is v(4)?
281
Let a(v) = 2*v**2 + 87*v + 771. Give a(-31).
-4
Let k(r) = 15*r**2 - 63*r + 62. What is k(1)?
14
Let l(w) = w**2 - 2*w - 243. Give l(13).
-100
Let n(v) = -639*v - 1864. Calculate n(-3).
53
Let o(b) = -b**3 - 33*b**2 + 35*b - 53. Give o(-34).
-87
Let v(c) = 25*c - 889. Give v(36).
11
Let h(u) = -6*u**3 + 30*u**2 + 2*u - 9. What is h(5)?
1
Let s(d) = -d**3 - 18*d**2 - 82*d - 391. Calculate s(-14).
-27
Let a(v) = 38*v - 711. Calculate a(19).
11
Let r(y) = -y**2 + 262*y + 37600. What is r(-103)?
5
Let o(y) = -2*y**3 + 3*y**2 - 2*y - 180. Calculate o(0).
-180
Let b(d) = 7*d**2 + 3*d - 30. Calculate b(-7).
292
Let i(s) = -182*s - 1827. Give i(-10).
-7
Let w(i) = 4*i**2 + 264*i + 7. Calculate w(-66).
7
Let z(c) = -4*c**2 - 150*c - 76. Determine z(-37).
-2
Let q(n) = -n**2 - 8*n - 159. Determine q(-9).
-168
Let f(g) = -2*g**3 - 23*g**2 + 13*g - 29. Determine f(-12).
-41
Let s(o) = -3*o**3 + 802*o**2 - 265*o - 526. Give s(267).
8
Let r(k) = 13*k**2 + 234*k + 931. Give r(-6).
-5
Let v(k) = -k**3 - 68*k**2 - 104*k - 2411. Determine v(-67).
68
Let n(p) = 119*p - 817. Calculate n(7).
16
Let v(h) = -h**2 + 264*h + 3571. What is v(-13)?
-30
Let j(t) = t**3 + 29*t**2 - 211*t - 10. Determine j(6).
-16
Let i(q) = -4*q**2 - 6*q - 99. What is i(-7)?
-253
Let v(u) = 10*u**2 + 4*u - 13. Calculate v(-6).
323
Let s(j) = -2*j**2 + 58*j + 1318. Calculate s(44).
-2
Let j(v) = -v**3 - 18*v**2 + 10*v + 205. Calculate j(-18).
25
Let r(f) = f**2 - 52*f - 342. What is r(56)?
-118
Let r(c) = 2*c**2 - 642*c - 21072. Calculate r(-30).
-12
Let x(o) = 3*o**2 + 61*o - 322. What is x(5)?
58
Let x(m) = -m**3 + 17*m**2 - 6*m + 24. Give x(17).
-78
Let o(h) = -199*h - 849. Give o(-5).
146
Let g(n) = -3*n**2 - 338*n + 2132. Determine g(6).
-4
Let y(v) = v**2 - 23*v - 172. Calculate y(-6).
2
Let h(v) = -v**3 - 21*v**2 + 53*v + 135. Determine h(-23).
-26
Let a(w) = w**3 + 10*w**2 + 11*w + 11. Give a(-8).
51
Let t(p) = 264*p - 1433. What is t(4)?
-377
Let w(j) = j**2 + 55*j + 381. Calculate w(-7).
45
Let y(z) = z**3 - 24*z**2 + 53*z - 695. Calculate y(23).
-5
Let t(m) = -11579*m + 69459. Determine t(6).
-15
Let q(w) = w**2 + 73*w + 473. What is q(-7)?
11
Let f(z) = -45*z**2 - 86*z - 170. What is f(-2)?
-178
Let x(k) = -11*k - 88. Determine x(-13).
55
Let h(r) = -r**2 + 21*r - 49. Give h(21).
-49
Let k(x) = 13*x - 295. Calculate k(27).
56
Let m(q) = -175*q - 13776. Give m(-79).
49
Let q(w) = -137*w - 4653. Calculate q(-34).
5
Let l(g) = -g**2 - 41*g - 28. Calculate l(-42).
-70
Let r(u) = 2*u**3 - 21*u**2 - 7*u - 39. Calculate r(11).
5
Let k(c) = -27*c**2 + 1006*c - 255. Calculate k(37).
4
Let o(a) = -2*a**2 - 20*a - 91. What is o(-14)?
-203
Let s(o) = 7*o - 307. What is s(39)?
-34
Let o(q) = -q**3 + 9*q**2 + 8*q + 28. Calculate o(9).
100
Let n(t) = 1103*t**3 - 74*t - 73. What is n(-1)?
-1102
Let h(x) = 65*x - 1634. Determine h(25).
-9
Let k(n) = 162*n - 1603. What is k(10)?
17
Let x(m) = -3*m**3 + 4*m**2 - 7*m + 23. What is x(2)?
1
Let j(k) = 12*k**3 + 6*k**2 - 6*k + 11. Calculate j(4).
851
Let t(y) = -y**3 + 44*y**2 - 198*y - 23. Calculate t(39).
-140
Le